{"id":1434,"date":"2015-05-26T14:12:36","date_gmt":"2015-05-26T13:12:36","guid":{"rendered":"https:\/\/23spotsgroup.com\/23spotsdiving\/?page_id=1434"},"modified":"2017-10-22T22:47:39","modified_gmt":"2017-10-22T20:47:39","slug":"tauchbuecher","status":"publish","type":"page","link":"https:\/\/23spots.com\/23spots-divers01\/tauchbuecher\/","title":{"rendered":"Tauchb\u00fccher"},"content":{"rendered":"<div class=\"wpb-content-wrapper\"><p>[vc_row][vc_column][vc_column_text]<\/p>\n<h3>Interessante Tauchb\u00fccher<\/h3>\n<p>Auf dieser Seite findest Du ausgew\u00e4hlte Tauchb\u00fccher, welche Dir interessantes Wissen rund um das Thema Tauchen vermitteln. Erfahre mehr \u00fcber die Unterwasserwelt und deren Flora und Fauna sowie die physikalischen Gesetze, welche f\u00fcr das Tauchen wichtig sind. Wir haben hier einige der beliebtesten und interessantesten Tauchb\u00fccher f\u00fcr Dich selektiert.[\/vc_column_text][vc_row_inner css=&#8220;.vc_custom_1508702425535{margin-top: 50px !important;}&#8220;][vc_column_inner width=&#8220;1\/4&#8243;][vc_single_image image=&#8220;1436&#8243; img_size=&#8220;250&#215;300&#8243;][\/vc_column_inner][vc_column_inner width=&#8220;3\/4&#8243;][vc_column_text]In diesem von uns als sehr interessant und wichtig empfundenen Buch findest Du weit mehr als 160 unterschiedliche und g\u00e4ngige Tauchzeichen in den Bereichen Allgemeine Tauchzeichen, Tauchzeichen f\u00fcr Unterwasserlebewesen und witzige Tauchzeichen f\u00fcr eine reibungslose Kommunikation unter Wasser. Da f\u00fcr uns Taucher ein normales Sprechen unter Wasser nicht m\u00f6glich ist, nutzen wir eine Zeichensprache. Die Tauchzeichen gelten auf der ganzen Welt, k\u00f6nnen aber von Tauchbasis zu Tauchbasis variieren. Daher ist es wichtig immer vor Beginn eines Tauchganges alle eingesetzten Tauchzeichen abzusprechen.<\/p>\n<p>Hier findest Du das Buch: <a href=\"https:\/\/www.amazon.de\/gp\/product\/B00325OQ5K\/ref=as_li_tl?ie=UTF8&amp;camp=1638&amp;creative=6742&amp;creativeASIN=B00325OQ5K&amp;linkCode=as2&amp;tag=tourism322-21&amp;linkId=VTCIH3EKF7I6Y5ML\">Tauchzeichen &#8211; Kommunikation unter Wasser<\/a>[\/vc_column_text][\/vc_column_inner][\/vc_row_inner][vc_separator css=&#8220;.vc_custom_1508705210200{margin-top: 25px !important;margin-bottom: 25px !important;}&#8220;][vc_row_inner][vc_column_inner width=&#8220;1\/4&#8243;][vc_single_image image=&#8220;1448&#8243; img_size=&#8220;250&#215;300&#8243;][\/vc_column_inner][vc_column_inner width=&#8220;3\/4&#8243;][vc_column_text]Dieses wirklich eindrucksvolle Buch l\u00e4sst Dich in die faszinierende und verborgene Welt des Wei\u00dfen Haies blicken. Das unglaubliche Werk berichtet \u00fcber die neuesten Methoden zur Erforschung der Meeresr\u00e4uber und l\u00e4sst Dich an den Erkenntnissen einmaliger Beobachtungen der mystischen Tiere &#8211; dem Hai &#8211; teilhaben. Spannende und informative Seiten zu einem wirklich unglaublich beliebten Tier, welches alle in seinen Bann zieht.<\/p>\n<p>Hier findest du das Buch: <a href=\"https:\/\/www.amazon.de\/gp\/product\/3440117340\/ref=as_li_tl?ie=UTF8&amp;camp=1638&amp;creative=6742&amp;creativeASIN=3440117340&amp;linkCode=as2&amp;tag=tourism322-21&amp;linkId=24YZXCPQ4SSCQCMM\">12 Monate unter Wei\u00dfen Haien<\/a>[\/vc_column_text][\/vc_column_inner][\/vc_row_inner][vc_separator css=&#8220;.vc_custom_1508705229731{margin-top: 25px !important;margin-bottom: 25px !important;}&#8220;][vc_row_inner][vc_column_inner width=&#8220;1\/4&#8243;][vc_single_image image=&#8220;1455&#8243; img_size=&#8220;250&#215;300&#8243;][\/vc_column_inner][vc_column_inner width=&#8220;3\/4&#8243;][vc_column_text]Dieses Tauchsport Lexikon ist im Bereich des Tauchens das derzeit aktuelle Themenlexikon. Mit ungef\u00e4hr 1000 Stichworten zum Thema Tauchen, den neuesten Fachbegriffen und Querverweisen, sowie ausf\u00fchrlichen Definitionen und weit mehr als 300 fachgerechte Abbildungen ist dieses Lexikon ein unentbehrliches Nachschlagewerk f\u00fcr jeden Taucher. Von uns wird dieses Lexikon w\u00e4rmstens empfohlen und sollte wirklich in jedem B\u00fccherregal eines Tauchers stehen.<\/p>\n<p>Hier findest Du das Buch: <a href=\"https:\/\/www.amazon.de\/gp\/product\/3768817016\/ref=as_li_tl?ie=UTF8&amp;camp=1638&amp;creative=6742&amp;creativeASIN=3768817016&amp;linkCode=as2&amp;tag=tourism322-21&amp;linkId=POQARB5AWTBIMEJR\">Tauchsport-Lexikon<\/a>[\/vc_column_text][\/vc_column_inner][\/vc_row_inner][vc_separator css=&#8220;.vc_custom_1508705247788{margin-top: 25px !important;margin-bottom: 25px !important;}&#8220;][vc_row_inner][vc_column_inner width=&#8220;1\/4&#8243;][vc_single_image image=&#8220;1461&#8243; img_size=&#8220;250&#215;300&#8243;][\/vc_column_inner][vc_column_inner width=&#8220;3\/4&#8243;][vc_column_text]Wer gerne mehr \u00fcber das Apnoetauchen wissen m\u00f6chte sollte sich unbedingt dieses Buch kaufen. Auf diesen Seiten \u00fcber das Apnoe-Tauchen werden Dir Tipps und Trick gezeigt, wie Du in das Apnoe-Tauchen einsteigst und Deine Ausdauer beim Freitauchen trainieren kannst. Apnoe-Tauchen versteht man als das Tauchen ohne Tauchflasche, lediglich mit der Kontrolle der eigenen Atmung unter die Wasseroberfl\u00e4che abzutauchen. Ein faszinierender Sport und eine herrliche Art des Tauchens.<\/p>\n<p>Hier findest Du das Buch: <a href=\"https:\/\/www.amazon.de\/gp\/product\/3667101570\/ref=as_li_tl?ie=UTF8&amp;camp=1638&amp;creative=6742&amp;creativeASIN=3667101570&amp;linkCode=as2&amp;tag=tourism322-21&amp;linkId=KHGMZE57X3WXEKLM\">Apnoe: Techniken, Geheimnisse und Lifestyle des Freediving<\/a><img loading=\"lazy\" decoding=\"async\" style=\"border: none !important; margin: 0px !important;\" src=\"https:\/\/ir-de.amazon-adsystem.com\/e\/ir?t=tourism322-21&amp;l=as2&amp;o=3&amp;a=3667101570\" alt=\"\" width=\"1\" height=\"1\" border=\"0\" \/>[\/vc_column_text][\/vc_column_inner][\/vc_row_inner][\/vc_column][\/vc_row]<\/p>\n<\/div>","protected":false},"excerpt":{"rendered":"<p>[vc_row][vc_column][vc_column_text] Interessante Tauchb\u00fccher Auf dieser Seite findest Du ausgew\u00e4hlte Tauchb\u00fccher, welche Dir interessantes Wissen rund um das Thema Tauchen vermitteln. Erfahre mehr \u00fcber die Unterwasserwelt und deren Flora und Fauna sowie die physikalischen Gesetze, welche f\u00fcr das Tauchen wichtig sind. Wir haben hier einige der beliebtesten und interessantesten Tauchb\u00fccher f\u00fcr Dich selektiert.[\/vc_column_text][vc_row_inner css=&#8220;.vc_custom_1508702425535{margin-top: 50px !important;}&#8220;][vc_column_inner [&hellip;]<\/p>\n","protected":false},"author":76,"featured_media":0,"parent":0,"menu_order":0,"comment_status":"closed","ping_status":"open","template":"entrada_templates\/layout-visual-composer-default.php","meta":{"footnotes":""},"class_list":["post-1434","page","type-page","status-publish","hentry"],"yoast_head":"<!-- This site is optimized with the Yoast SEO plugin v26.9 - https:\/\/yoast.com\/product\/yoast-seo-wordpress\/ -->\n<title>Tauchb\u00fccher - 23spots-divers01<\/title>\n<meta name=\"robots\" content=\"noindex, follow, max-snippet:-1, max-image-preview:large, max-video-preview:-1\" \/>\n<meta property=\"og:locale\" content=\"de_DE\" \/>\n<meta property=\"og:type\" content=\"article\" \/>\n<meta property=\"og:title\" content=\"Tauchb\u00fccher - 23spots-divers01\" \/>\n<meta property=\"og:description\" content=\"[vc_row][vc_column][vc_column_text] Interessante Tauchb\u00fccher Auf dieser Seite findest Du ausgew\u00e4hlte Tauchb\u00fccher, welche Dir interessantes Wissen rund um das Thema Tauchen vermitteln. Erfahre mehr \u00fcber die Unterwasserwelt und deren Flora und Fauna sowie die physikalischen Gesetze, welche f\u00fcr das Tauchen wichtig sind. Wir haben hier einige der beliebtesten und interessantesten Tauchb\u00fccher f\u00fcr Dich selektiert.[\/vc_column_text][vc_row_inner css=&#8220;.vc_custom_1508702425535{margin-top: 50px !important;}&#8220;][vc_column_inner [&hellip;]\" \/>\n<meta property=\"og:url\" content=\"https:\/\/23spots.com\/23spots-divers01\/tauchbuecher\/\" \/>\n<meta property=\"og:site_name\" content=\"23spots-divers01\" \/>\n<meta property=\"article:modified_time\" content=\"2017-10-22T20:47:39+00:00\" \/>\n<meta property=\"og:image\" content=\"https:\/\/ir-de.amazon-adsystem.com\/e\/ir?t=tourism322-21&amp;l=as2&amp;o=3&amp;a=3667101570\" \/>\n<meta name=\"twitter:card\" content=\"summary_large_image\" \/>\n<meta name=\"twitter:label1\" content=\"Gesch\u00e4tzte Lesezeit\" \/>\n\t<meta name=\"twitter:data1\" content=\"3\u00a0Minuten\" \/>\n<script type=\"application\/ld+json\" class=\"yoast-schema-graph\">{\"@context\":\"https:\/\/schema.org\",\"@graph\":[{\"@type\":\"WebPage\",\"@id\":\"https:\/\/23spots.com\/23spots-divers01\/tauchbuecher\/\",\"url\":\"https:\/\/23spots.com\/23spots-divers01\/tauchbuecher\/\",\"name\":\"Tauchb\u00fccher - 23spots-divers01\",\"isPartOf\":{\"@id\":\"https:\/\/23spots.com\/23spots-divers01\/#website\"},\"primaryImageOfPage\":{\"@id\":\"https:\/\/23spots.com\/23spots-divers01\/tauchbuecher\/#primaryimage\"},\"image\":{\"@id\":\"https:\/\/23spots.com\/23spots-divers01\/tauchbuecher\/#primaryimage\"},\"thumbnailUrl\":\"https:\/\/ir-de.amazon-adsystem.com\/e\/ir?t=tourism322-21&amp;l=as2&amp;o=3&amp;a=3667101570\",\"datePublished\":\"2015-05-26T13:12:36+00:00\",\"dateModified\":\"2017-10-22T20:47:39+00:00\",\"breadcrumb\":{\"@id\":\"https:\/\/23spots.com\/23spots-divers01\/tauchbuecher\/#breadcrumb\"},\"inLanguage\":\"de\",\"potentialAction\":[{\"@type\":\"ReadAction\",\"target\":[\"https:\/\/23spots.com\/23spots-divers01\/tauchbuecher\/\"]}]},{\"@type\":\"ImageObject\",\"inLanguage\":\"de\",\"@id\":\"https:\/\/23spots.com\/23spots-divers01\/tauchbuecher\/#primaryimage\",\"url\":\"https:\/\/ir-de.amazon-adsystem.com\/e\/ir?t=tourism322-21&amp;l=as2&amp;o=3&amp;a=3667101570\",\"contentUrl\":\"https:\/\/ir-de.amazon-adsystem.com\/e\/ir?t=tourism322-21&amp;l=as2&amp;o=3&amp;a=3667101570\"},{\"@type\":\"BreadcrumbList\",\"@id\":\"https:\/\/23spots.com\/23spots-divers01\/tauchbuecher\/#breadcrumb\",\"itemListElement\":[{\"@type\":\"ListItem\",\"position\":1,\"name\":\"Startseite\",\"item\":\"https:\/\/23spots.com\/23spots-divers01\/\"},{\"@type\":\"ListItem\",\"position\":2,\"name\":\"Tauchb\u00fccher\"}]},{\"@type\":\"WebSite\",\"@id\":\"https:\/\/23spots.com\/23spots-divers01\/#website\",\"url\":\"https:\/\/23spots.com\/23spots-divers01\/\",\"name\":\"23spots-divers01\",\"description\":\"Tauchenreisen, Tauchkurse, Tauchausr\u00fcstung\",\"potentialAction\":[{\"@type\":\"SearchAction\",\"target\":{\"@type\":\"EntryPoint\",\"urlTemplate\":\"https:\/\/23spots.com\/23spots-divers01\/?s={search_term_string}\"},\"query-input\":{\"@type\":\"PropertyValueSpecification\",\"valueRequired\":true,\"valueName\":\"search_term_string\"}}],\"inLanguage\":\"de\"}]}<\/script>\n<!-- \/ Yoast SEO plugin. -->","yoast_head_json":{"title":"Tauchb\u00fccher - 23spots-divers01","robots":{"index":"noindex","follow":"follow","max-snippet":"max-snippet:-1","max-image-preview":"max-image-preview:large","max-video-preview":"max-video-preview:-1"},"og_locale":"de_DE","og_type":"article","og_title":"Tauchb\u00fccher - 23spots-divers01","og_description":"[vc_row][vc_column][vc_column_text] Interessante Tauchb\u00fccher Auf dieser Seite findest Du ausgew\u00e4hlte Tauchb\u00fccher, welche Dir interessantes Wissen rund um das Thema Tauchen vermitteln. Erfahre mehr \u00fcber die Unterwasserwelt und deren Flora und Fauna sowie die physikalischen Gesetze, welche f\u00fcr das Tauchen wichtig sind. Wir haben hier einige der beliebtesten und interessantesten Tauchb\u00fccher f\u00fcr Dich selektiert.[\/vc_column_text][vc_row_inner css=&#8220;.vc_custom_1508702425535{margin-top: 50px !important;}&#8220;][vc_column_inner [&hellip;]","og_url":"https:\/\/23spots.com\/23spots-divers01\/tauchbuecher\/","og_site_name":"23spots-divers01","article_modified_time":"2017-10-22T20:47:39+00:00","og_image":[{"url":"https:\/\/ir-de.amazon-adsystem.com\/e\/ir?t=tourism322-21&amp;l=as2&amp;o=3&amp;a=3667101570","type":"","width":"","height":""}],"twitter_card":"summary_large_image","twitter_misc":{"Gesch\u00e4tzte Lesezeit":"3\u00a0Minuten"},"schema":{"@context":"https:\/\/schema.org","@graph":[{"@type":"WebPage","@id":"https:\/\/23spots.com\/23spots-divers01\/tauchbuecher\/","url":"https:\/\/23spots.com\/23spots-divers01\/tauchbuecher\/","name":"Tauchb\u00fccher - 23spots-divers01","isPartOf":{"@id":"https:\/\/23spots.com\/23spots-divers01\/#website"},"primaryImageOfPage":{"@id":"https:\/\/23spots.com\/23spots-divers01\/tauchbuecher\/#primaryimage"},"image":{"@id":"https:\/\/23spots.com\/23spots-divers01\/tauchbuecher\/#primaryimage"},"thumbnailUrl":"https:\/\/ir-de.amazon-adsystem.com\/e\/ir?t=tourism322-21&amp;l=as2&amp;o=3&amp;a=3667101570","datePublished":"2015-05-26T13:12:36+00:00","dateModified":"2017-10-22T20:47:39+00:00","breadcrumb":{"@id":"https:\/\/23spots.com\/23spots-divers01\/tauchbuecher\/#breadcrumb"},"inLanguage":"de","potentialAction":[{"@type":"ReadAction","target":["https:\/\/23spots.com\/23spots-divers01\/tauchbuecher\/"]}]},{"@type":"ImageObject","inLanguage":"de","@id":"https:\/\/23spots.com\/23spots-divers01\/tauchbuecher\/#primaryimage","url":"https:\/\/ir-de.amazon-adsystem.com\/e\/ir?t=tourism322-21&amp;l=as2&amp;o=3&amp;a=3667101570","contentUrl":"https:\/\/ir-de.amazon-adsystem.com\/e\/ir?t=tourism322-21&amp;l=as2&amp;o=3&amp;a=3667101570"},{"@type":"BreadcrumbList","@id":"https:\/\/23spots.com\/23spots-divers01\/tauchbuecher\/#breadcrumb","itemListElement":[{"@type":"ListItem","position":1,"name":"Startseite","item":"https:\/\/23spots.com\/23spots-divers01\/"},{"@type":"ListItem","position":2,"name":"Tauchb\u00fccher"}]},{"@type":"WebSite","@id":"https:\/\/23spots.com\/23spots-divers01\/#website","url":"https:\/\/23spots.com\/23spots-divers01\/","name":"23spots-divers01","description":"Tauchenreisen, Tauchkurse, Tauchausr\u00fcstung","potentialAction":[{"@type":"SearchAction","target":{"@type":"EntryPoint","urlTemplate":"https:\/\/23spots.com\/23spots-divers01\/?s={search_term_string}"},"query-input":{"@type":"PropertyValueSpecification","valueRequired":true,"valueName":"search_term_string"}}],"inLanguage":"de"}]}},"_links":{"self":[{"href":"https:\/\/23spots.com\/23spots-divers01\/wp-json\/wp\/v2\/pages\/1434","targetHints":{"allow":["GET"]}}],"collection":[{"href":"https:\/\/23spots.com\/23spots-divers01\/wp-json\/wp\/v2\/pages"}],"about":[{"href":"https:\/\/23spots.com\/23spots-divers01\/wp-json\/wp\/v2\/types\/page"}],"author":[{"embeddable":true,"href":"https:\/\/23spots.com\/23spots-divers01\/wp-json\/wp\/v2\/users\/76"}],"replies":[{"embeddable":true,"href":"https:\/\/23spots.com\/23spots-divers01\/wp-json\/wp\/v2\/comments?post=1434"}],"version-history":[{"count":5,"href":"https:\/\/23spots.com\/23spots-divers01\/wp-json\/wp\/v2\/pages\/1434\/revisions"}],"predecessor-version":[{"id":3118,"href":"https:\/\/23spots.com\/23spots-divers01\/wp-json\/wp\/v2\/pages\/1434\/revisions\/3118"}],"wp:attachment":[{"href":"https:\/\/23spots.com\/23spots-divers01\/wp-json\/wp\/v2\/media?parent=1434"}],"curies":[{"name":"wp","href":"https:\/\/api.w.org\/{rel}","templated":true}]}}