{"id":595,"date":"2013-09-01T23:08:42","date_gmt":"2013-09-01T21:08:42","guid":{"rendered":"https:\/\/23spotsgroup.com\/23spotsdiving\/?page_id=595"},"modified":"2022-11-14T22:16:30","modified_gmt":"2022-11-14T21:16:30","slug":"flusstauchen","status":"publish","type":"page","link":"https:\/\/23spots.com\/23spots-divers01\/flusstauchen\/","title":{"rendered":"Flusstauchen"},"content":{"rendered":"<div class=\"wpb-content-wrapper\"><p>[vc_row][vc_column][vc_column_text]<\/p>\n<h3>Flusstauchen &#8211; mit der Str\u00f6mung abw\u00e4rts gleiten<\/h3>\n<p>Das Tauchen im Meer oder See ist f\u00fcr uns normal, doch Flusstauchen? Im Normalfall tauchen wir selten in Fl\u00fcssen und wenn dann in gro\u00dfen, wie dem Rhein. Doch das Flusstauchen hat seinen besonderen Reiz und jeder Taucher sollte sich diesem mal hingeben. Wenn Du als Taucher nun denkst, dass das Meer das Non-Plus-Ultra sei beim Tauchen und dass Du nur im Meer viel zu sehen bekommst, gerade dann solltest Du Deinen n\u00e4chsten Tauchgang in einen Fluss verlegen und Dir das Flusstauchen anschauen.<br \/>\nDie gro\u00dfe Faszination des Flusstauchens liegt ganz klar beim visuellen Erleben. Wenn Du durch die Str\u00f6mung gertrieben wirst, dann kannst Du in aller Ruhe mit Genuss die Natur in ihren vollen Z\u00fcgen erleben und f\u00fchlst Dich dabei wie ein Teil von dieser. Wenn Du das Abenteuer Flusstauchen beginnst, erlebst Du die Kraft des Wassers von einer anderen Seite und erlernst sehr schnell, wie Du diese Kraft f\u00fcr Dich einsetzen kannst, um den Tauchgang genussvoll zu erleben.<br \/>\nDu wirst erstaunt sein, \u00fcber den gro\u00dfen Fischreichtum in heimischen Gew\u00e4ssern. Hier erwarten Dich Hechte, Zander, Forellen, Huchen, \u00c4schen, Groppen, Flussbarsche oder auch ein Barbenschwarm und sehr viel Kleingetier und in den meisten Fl\u00fcssen, in welchem das Flusstauchen gemacht wird, ist das Wasser kristallklar und Du erlebst eine Welt unter Wasser, welche Du bisher nicht gesehen hast.<br \/>\nBeim Flusstauchen f\u00fchlst Du Dich wie beim Fallschirmspringen, so komplett schwerelos und nur die Kraft der Natur bewegt Dich voran. Langsam gleitest Du durch das Wasser und genie\u00dft die Macht der Str\u00f6mung, durch welche Du ohne Kraftaufwand den Fluss betauchen kannst und Du somit Deine ganze Energie auf die Beobachtung der Natur legen kannst. So macht das Flusstauchen richtig Spass und Du findest viele Tauchparadiese direkt vor Deiner Haust\u00fcre.[\/vc_column_text][\/vc_column][\/vc_row][vc_row css=&#8220;.vc_custom_1508917160673{padding-left: 10px !important;background-color: #cccccc !important;}&#8220;][vc_column width=&#8220;1\/2&#8243; css=&#8220;.vc_custom_1508917398592{padding-right: 30px !important;}&#8220;][vc_custom_heading text=&#8220;Flusstauchen&#8220; font_container=&#8220;tag:h3|text_align:left&#8220; google_fonts=&#8220;font_family:Roboto%3A100%2C100italic%2C300%2C300italic%2Cregular%2Citalic%2C500%2C500italic%2C700%2C700italic%2C900%2C900italic|font_style:400%20regular%3A400%3Anormal&#8220; css=&#8220;.vc_custom_1508333728098{padding-bottom: 10px !important;}&#8220;][vc_separator color=&#8220;blue&#8220; border_width=&#8220;2&#8243; css=&#8220;.vc_custom_1508333739153{padding-bottom: 15px !important;}&#8220;][vc_column_text]Flusstauchen ist die optimale M\u00f6glichkeit, sich die Natur mal n\u00e4her anzuschauen. Hier bietet sich jedem Taucher eine neue, faszinierende Welt, in welcher er die Unterwasserflora- und Fauna eines intakten Flusses erkunden kann. Flusstauchen ist ideal f\u00fcr jeden Taucher und auch immer wieder ein Highlight f\u00fcr Unterwasserfotografen und Videofilmer. Bedingt durch das Flache Gew\u00e4sser haben die Sonnenstrahlen dir M\u00f6glichkeit bis auf den Grund des Flusses durchzudringen und somit erscheint das Wasser immer sehr hell und einladend. Deshalb ist es hier ideal um Hechte zu beobachten.[\/vc_column_text][\/vc_column][vc_column width=&#8220;1\/2&#8243;][vc_single_image image=&#8220;3192&#8243; img_size=&#8220;500&#215;300&#8243; alignment=&#8220;right&#8220; css=&#8220;.vc_custom_1510345790869{padding-left: 30px !important;}&#8220;][\/vc_column][\/vc_row][vc_row][vc_column width=&#8220;1\/2&#8243;][vc_single_image image=&#8220;3191&#8243; img_size=&#8220;500&#215;300&#8243; css=&#8220;.vc_custom_1510345813033{padding-bottom: 15px !important;}&#8220;][\/vc_column][vc_column width=&#8220;1\/2&#8243;][vc_custom_heading text=&#8220;Scubing&#8220; font_container=&#8220;tag:h3|text_align:left&#8220; google_fonts=&#8220;font_family:Roboto%3A100%2C100italic%2C300%2C300italic%2Cregular%2Citalic%2C500%2C500italic%2C700%2C700italic%2C900%2C900italic|font_style:400%20regular%3A400%3Anormal&#8220;][vc_separator color=&#8220;blue&#8220; border_width=&#8220;2&#8243; css=&#8220;.vc_custom_1508333739153{padding-bottom: 15px !important;}&#8220;][vc_column_text]Das Scubing ist \u00e4hnlich wie das Flusstauchen, nur dass man beim Scubing keine Tauchger\u00e4t tr\u00e4gt, sondern eine ABC-Ausr\u00fcstung. Man k\u00f6nnte das Scubing auch als Schnorcheln im Fluss bezeichnen. Der Vorteil von Scuben ist, das es jeder machen kann und somit kein Tauchschein ben\u00f6tigt wird. Die einzige Voraussetzung ist, dass der Teilnehmer ein guter Schwimmer ist. Haupts\u00e4chlich findet das Scuben in flie\u00dfendem Gew\u00e4sser statt und oft dort, wo man nicht mehr tauchen kann. Vor allem in Bereichen, wo es eng zugeht, z. B. zwischen Felsen oder in Flachwasserzonen.[\/vc_column_text][\/vc_column][\/vc_row][vc_row css=&#8220;.vc_custom_1508436889449{background-color: #cccccc !important;}&#8220;][vc_column width=&#8220;1\/2&#8243; css=&#8220;.vc_custom_1510346200383{padding-right: 30px !important;}&#8220;][vc_custom_heading text=&#8220;Tauchtauglichkeit&#8220; font_container=&#8220;tag:h3|text_align:left&#8220; google_fonts=&#8220;font_family:Roboto%3A100%2C100italic%2C300%2C300italic%2Cregular%2Citalic%2C500%2C500italic%2C700%2C700italic%2C900%2C900italic|font_style:400%20regular%3A400%3Anormal&#8220; css=&#8220;.vc_custom_1508334023192{padding-bottom: 10px !important;}&#8220;][vc_separator color=&#8220;blue&#8220; border_width=&#8220;2&#8243; css=&#8220;.vc_custom_1508951036212{padding-right: 30px !important;padding-bottom: 15px !important;}&#8220;][vc_column_text]Grundlagen (Anforderungen)<br \/>\nUntersuchungsbogen (Kontrolluntersuch)<br \/>\nTauglichkeitsattest<br \/>\nStabile Psyche<br \/>\nAd\u00e4quate Ausbildung[\/vc_column_text][\/vc_column][vc_column width=&#8220;1\/2&#8243;][vc_single_image image=&#8220;3193&#8243; img_size=&#8220;500&#215;300&#8243; alignment=&#8220;right&#8220;][\/vc_column][\/vc_row][vc_row][vc_column width=&#8220;1\/2&#8243;][vc_single_image image=&#8220;3195&#8243; img_size=&#8220;500&#215;300&#8243; css=&#8220;.vc_custom_1510345905656{padding-bottom: 15px !important;}&#8220;][\/vc_column][vc_column width=&#8220;1\/2&#8243;][vc_custom_heading text=&#8220;Notfallma\u00dfnahmen&#8220; font_container=&#8220;tag:h3|text_align:left&#8220; google_fonts=&#8220;font_family:Roboto%3A100%2C100italic%2C300%2C300italic%2Cregular%2Citalic%2C500%2C500italic%2C700%2C700italic%2C900%2C900italic|font_style:400%20regular%3A400%3Anormal&#8220; css=&#8220;.vc_custom_1508334796966{padding-bottom: 10px !important;}&#8220;][vc_separator color=&#8220;blue&#8220; border_width=&#8220;2&#8243; css=&#8220;.vc_custom_1508333739153{padding-bottom: 15px !important;}&#8220;][vc_column_text]F\u00fcr den Fall der F\u00e4lle:<br \/>\nDas Notfallblatt<br \/>\nNotfall-Management<br \/>\nDAN Ma\u00dfnahmen-Checkliste<br \/>\nDAN-Neurocheck[\/vc_column_text][\/vc_column][\/vc_row][vc_row css=&#8220;.vc_custom_1508436872900{background-color: #cccccc !important;}&#8220;][vc_column width=&#8220;1\/2&#8243; css=&#8220;.vc_custom_1508936166401{padding-right: 30px !important;}&#8220;][vc_custom_heading text=&#8220;News Flusstauchen&#8220; font_container=&#8220;tag:h3|text_align:left&#8220; google_fonts=&#8220;font_family:Roboto%3A100%2C100italic%2C300%2C300italic%2Cregular%2Citalic%2C500%2C500italic%2C700%2C700italic%2C900%2C900italic|font_style:400%20regular%3A400%3Anormal&#8220; css=&#8220;.vc_custom_1508336198156{padding-bottom: 10px !important;}&#8220;][vc_separator color=&#8220;blue&#8220; border_width=&#8220;2&#8243; css=&#8220;.vc_custom_1508333739153{padding-bottom: 15px !important;}&#8220;][vc_basic_grid post_type=&#8220;post&#8220; max_items=&#8220;3&#8243; gap=&#8220;10&#8243; order=&#8220;ASC&#8220; item=&#8220;basicGrid_NoAnimation&#8220; grid_id=&#8220;vc_gid:1668460546910-0c0b2d37-1eba-5&#8243; taxonomies=&#8220;13&#8243; css=&#8220;.vc_custom_1510345927770{padding-bottom: 15px !important;}&#8220;][\/vc_column][vc_column width=&#8220;1\/2&#8243; css=&#8220;.vc_custom_1508936158116{padding-left: 30px !important;}&#8220;][vc_custom_heading text=&#8220;Eindr\u00fccke Flusstauchen&#8220; font_container=&#8220;tag:h3|text_align:left&#8220; google_fonts=&#8220;font_family:Roboto%3A100%2C100italic%2C300%2C300italic%2Cregular%2Citalic%2C500%2C500italic%2C700%2C700italic%2C900%2C900italic|font_style:400%20regular%3A400%3Anormal&#8220; css=&#8220;.vc_custom_1508336123331{padding-bottom: 10px !important;}&#8220;][vc_separator color=&#8220;blue&#8220; border_width=&#8220;2&#8243; css=&#8220;.vc_custom_1508333739153{padding-bottom: 15px !important;}&#8220;][vc_video link=&#8220;https:\/\/www.youtube.com\/watch?v=-h5EmbWQXsI&#8220; align=&#8220;right&#8220;][\/vc_column][\/vc_row][vc_row][vc_column width=&#8220;1\/2&#8243; css=&#8220;.vc_custom_1508936202728{padding-right: 30px !important;}&#8220;][vc_custom_heading text=&#8220;Das Wesentliche in K\u00fcrze&#8220; font_container=&#8220;tag:h3|text_align:left&#8220; google_fonts=&#8220;font_family:Roboto%3A100%2C100italic%2C300%2C300italic%2Cregular%2Citalic%2C500%2C500italic%2C700%2C700italic%2C900%2C900italic|font_style:400%20regular%3A400%3Anormal&#8220; css=&#8220;.vc_custom_1508336417725{padding-bottom: 10px !important;}&#8220;][vc_separator color=&#8220;blue&#8220; border_width=&#8220;2&#8243; css=&#8220;.vc_custom_1508951322824{padding-right: 30px !important;padding-bottom: 15px !important;}&#8220;][vc_column_text]<\/p>\n<ul>\n<li><a href=\"https:\/\/23spotsdivers.com\/flusstauchen\/was-ist-flusstauchen\/\">Was ist Flusstauchen<\/a><\/li>\n<li><a href=\"https:\/\/23spotsdivers.com\/flusstauchen\/gefahren-beim-flusstauchen\/\">Gefahren beim Flusstauchen<\/a><\/li>\n<li><a href=\"https:\/\/23spotsdivers.com\/flusstauchen\/warum-flusstauchen\/\">Warum Flusstauchen<\/a><\/li>\n<li><a href=\"https:\/\/23spotsdivers.com\/flusstauchen\/organisation-von-flusstauchgaengen\/\">Organisation von Flusstauchg\u00e4ngen<\/a><\/li>\n<\/ul>\n<p>[\/vc_column_text][\/vc_column][vc_column width=&#8220;1\/2&#8243;][vc_single_image image=&#8220;3200&#8243; img_size=&#8220;500&#215;300&#8243; alignment=&#8220;right&#8220;][\/vc_column][\/vc_row][vc_row css=&#8220;.vc_custom_1508436856718{background-color: #cccccc !important;}&#8220;][vc_column width=&#8220;1\/2&#8243;][vc_single_image image=&#8220;3197&#8243; img_size=&#8220;500&#215;300&#8243; css=&#8220;.vc_custom_1510346025753{padding-bottom: 15px !important;}&#8220;][\/vc_column][vc_column width=&#8220;1\/2&#8243;][vc_custom_heading text=&#8220;Tauchequipment Flusstauchen&#8220; font_container=&#8220;tag:h3|text_align:left&#8220; google_fonts=&#8220;font_family:Roboto%3A100%2C100italic%2C300%2C300italic%2Cregular%2Citalic%2C500%2C500italic%2C700%2C700italic%2C900%2C900italic|font_style:400%20regular%3A400%3Anormal&#8220; css=&#8220;.vc_custom_1508336889929{padding-bottom: 10px !important;}&#8220;][vc_separator color=&#8220;blue&#8220; border_width=&#8220;2&#8243; css=&#8220;.vc_custom_1508333739153{padding-bottom: 15px !important;}&#8220;][vc_column_text]<a href=\"https:\/\/23spotsdivers.com\/flusstauchen\/tauchequipment-zum-flusstauchen\/\">Maske<\/a><br \/>\n<a href=\"https:\/\/23spotsdivers.com\/flusstauchen\/tauchequipment-zum-flusstauchen\/\">Schnorchel<\/a><br \/>\n<a href=\"https:\/\/23spotsdivers.com\/flusstauchen\/tauchequipment-zum-flusstauchen\/\">Taucherlampe<\/a><br \/>\n<a href=\"https:\/\/23spotsdivers.com\/flusstauchen\/tauchequipment-zum-flusstauchen\/\">Neoprenanzung<\/a><br \/>\n<a href=\"https:\/\/23spotsdivers.com\/flusstauchen\/tauchequipment-zum-flusstauchen\/\">F\u00fcsslinge<\/a><br \/>\n<a href=\"https:\/\/23spotsdivers.com\/flusstauchen\/tauchequipment-zum-flusstauchen\/\">Flossen<\/a><br \/>\n<a href=\"https:\/\/23spotsdivers.com\/flusstauchen\/tauchequipment-zum-flusstauchen\/\">Handschuhe<\/a>[\/vc_column_text][\/vc_column][\/vc_row][vc_row][vc_column width=&#8220;1\/2&#8243;][vc_custom_heading text=&#8220;Wie erlernt man Flusstauchen&#8220; font_container=&#8220;tag:h3|text_align:left&#8220; google_fonts=&#8220;font_family:Roboto%3A100%2C100italic%2C300%2C300italic%2Cregular%2Citalic%2C500%2C500italic%2C700%2C700italic%2C900%2C900italic|font_style:400%20regular%3A400%3Anormal&#8220; css=&#8220;.vc_custom_1508338180891{padding-bottom: 10px !important;}&#8220;][vc_separator color=&#8220;blue&#8220; border_width=&#8220;2&#8243; css=&#8220;.vc_custom_1508951900078{padding-right: 60px !important;padding-bottom: 15px !important;}&#8220;][vc_column_text css=&#8220;.vc_custom_1510346043571{padding-bottom: 15px !important;}&#8220;]Es reicht ein Open Water Diver Kurs.<br \/>\nEmpfehlenswert ist der Drift Diver Kurs.[\/vc_column_text][\/vc_column][vc_column width=&#8220;1\/2&#8243;][vc_custom_heading text=&#8220;Tauchtechnik Flusstauchen&#8220; font_container=&#8220;tag:h3|text_align:left&#8220; google_fonts=&#8220;font_family:Roboto%3A100%2C100italic%2C300%2C300italic%2Cregular%2Citalic%2C500%2C500italic%2C700%2C700italic%2C900%2C900italic|font_style:400%20regular%3A400%3Anormal&#8220; css=&#8220;.vc_custom_1508338446844{padding-bottom: 10px !important;}&#8220;][vc_separator color=&#8220;blue&#8220; border_width=&#8220;2&#8243; css=&#8220;.vc_custom_1508951911960{padding-bottom: 15px !important;padding-left: 00px !important;}&#8220;][vc_column_text]Auch beim Flusstauchen gibt es unterschiedliche Tauchtechniken welche man zum Beispiel im Drift-Diver bzw. dem Str\u00f6mungstauchen erlernen kann.[\/vc_column_text][\/vc_column][\/vc_row]<\/p>\n<\/div>","protected":false},"excerpt":{"rendered":"<p>[vc_row][vc_column][vc_column_text] Flusstauchen &#8211; mit der Str\u00f6mung abw\u00e4rts gleiten Das Tauchen im Meer oder See ist f\u00fcr uns normal, doch Flusstauchen? Im Normalfall tauchen wir selten in Fl\u00fcssen und wenn dann in gro\u00dfen, wie dem Rhein. Doch das Flusstauchen hat seinen besonderen Reiz und jeder Taucher sollte sich diesem mal hingeben. Wenn Du als Taucher nun [&hellip;]<\/p>\n","protected":false},"author":76,"featured_media":0,"parent":0,"menu_order":0,"comment_status":"closed","ping_status":"open","template":"entrada_templates\/layout-visual-composer-default.php","meta":{"footnotes":""},"class_list":["post-595","page","type-page","status-publish","hentry"],"yoast_head":"<!-- This site is optimized with the Yoast SEO plugin v26.9 - https:\/\/yoast.com\/product\/yoast-seo-wordpress\/ -->\n<title>Flusstauchen - 23spots-divers01<\/title>\n<meta name=\"robots\" content=\"noindex, follow, max-snippet:-1, max-image-preview:large, max-video-preview:-1\" \/>\n<meta property=\"og:locale\" content=\"de_DE\" \/>\n<meta property=\"og:type\" content=\"article\" \/>\n<meta property=\"og:title\" content=\"Flusstauchen - 23spots-divers01\" \/>\n<meta property=\"og:description\" content=\"[vc_row][vc_column][vc_column_text] Flusstauchen &#8211; mit der Str\u00f6mung abw\u00e4rts gleiten Das Tauchen im Meer oder See ist f\u00fcr uns normal, doch Flusstauchen? Im Normalfall tauchen wir selten in Fl\u00fcssen und wenn dann in gro\u00dfen, wie dem Rhein. Doch das Flusstauchen hat seinen besonderen Reiz und jeder Taucher sollte sich diesem mal hingeben. Wenn Du als Taucher nun [&hellip;]\" \/>\n<meta property=\"og:url\" content=\"https:\/\/23spots.com\/23spots-divers01\/flusstauchen\/\" \/>\n<meta property=\"og:site_name\" content=\"23spots-divers01\" \/>\n<meta property=\"article:modified_time\" content=\"2022-11-14T21:16:30+00:00\" \/>\n<meta name=\"twitter:card\" content=\"summary_large_image\" \/>\n<meta name=\"twitter:label1\" content=\"Gesch\u00e4tzte Lesezeit\" \/>\n\t<meta name=\"twitter:data1\" content=\"5\u00a0Minuten\" \/>\n<script type=\"application\/ld+json\" class=\"yoast-schema-graph\">{\"@context\":\"https:\/\/schema.org\",\"@graph\":[{\"@type\":\"WebPage\",\"@id\":\"https:\/\/23spots.com\/23spots-divers01\/flusstauchen\/\",\"url\":\"https:\/\/23spots.com\/23spots-divers01\/flusstauchen\/\",\"name\":\"Flusstauchen - 23spots-divers01\",\"isPartOf\":{\"@id\":\"https:\/\/23spots.com\/23spots-divers01\/#website\"},\"datePublished\":\"2013-09-01T21:08:42+00:00\",\"dateModified\":\"2022-11-14T21:16:30+00:00\",\"breadcrumb\":{\"@id\":\"https:\/\/23spots.com\/23spots-divers01\/flusstauchen\/#breadcrumb\"},\"inLanguage\":\"de\",\"potentialAction\":[{\"@type\":\"ReadAction\",\"target\":[\"https:\/\/23spots.com\/23spots-divers01\/flusstauchen\/\"]}]},{\"@type\":\"BreadcrumbList\",\"@id\":\"https:\/\/23spots.com\/23spots-divers01\/flusstauchen\/#breadcrumb\",\"itemListElement\":[{\"@type\":\"ListItem\",\"position\":1,\"name\":\"Startseite\",\"item\":\"https:\/\/23spots.com\/23spots-divers01\/\"},{\"@type\":\"ListItem\",\"position\":2,\"name\":\"Flusstauchen\"}]},{\"@type\":\"WebSite\",\"@id\":\"https:\/\/23spots.com\/23spots-divers01\/#website\",\"url\":\"https:\/\/23spots.com\/23spots-divers01\/\",\"name\":\"23spots-divers01\",\"description\":\"Tauchenreisen, Tauchkurse, Tauchausr\u00fcstung\",\"potentialAction\":[{\"@type\":\"SearchAction\",\"target\":{\"@type\":\"EntryPoint\",\"urlTemplate\":\"https:\/\/23spots.com\/23spots-divers01\/?s={search_term_string}\"},\"query-input\":{\"@type\":\"PropertyValueSpecification\",\"valueRequired\":true,\"valueName\":\"search_term_string\"}}],\"inLanguage\":\"de\"}]}<\/script>\n<!-- \/ Yoast SEO plugin. -->","yoast_head_json":{"title":"Flusstauchen - 23spots-divers01","robots":{"index":"noindex","follow":"follow","max-snippet":"max-snippet:-1","max-image-preview":"max-image-preview:large","max-video-preview":"max-video-preview:-1"},"og_locale":"de_DE","og_type":"article","og_title":"Flusstauchen - 23spots-divers01","og_description":"[vc_row][vc_column][vc_column_text] Flusstauchen &#8211; mit der Str\u00f6mung abw\u00e4rts gleiten Das Tauchen im Meer oder See ist f\u00fcr uns normal, doch Flusstauchen? Im Normalfall tauchen wir selten in Fl\u00fcssen und wenn dann in gro\u00dfen, wie dem Rhein. Doch das Flusstauchen hat seinen besonderen Reiz und jeder Taucher sollte sich diesem mal hingeben. Wenn Du als Taucher nun [&hellip;]","og_url":"https:\/\/23spots.com\/23spots-divers01\/flusstauchen\/","og_site_name":"23spots-divers01","article_modified_time":"2022-11-14T21:16:30+00:00","twitter_card":"summary_large_image","twitter_misc":{"Gesch\u00e4tzte Lesezeit":"5\u00a0Minuten"},"schema":{"@context":"https:\/\/schema.org","@graph":[{"@type":"WebPage","@id":"https:\/\/23spots.com\/23spots-divers01\/flusstauchen\/","url":"https:\/\/23spots.com\/23spots-divers01\/flusstauchen\/","name":"Flusstauchen - 23spots-divers01","isPartOf":{"@id":"https:\/\/23spots.com\/23spots-divers01\/#website"},"datePublished":"2013-09-01T21:08:42+00:00","dateModified":"2022-11-14T21:16:30+00:00","breadcrumb":{"@id":"https:\/\/23spots.com\/23spots-divers01\/flusstauchen\/#breadcrumb"},"inLanguage":"de","potentialAction":[{"@type":"ReadAction","target":["https:\/\/23spots.com\/23spots-divers01\/flusstauchen\/"]}]},{"@type":"BreadcrumbList","@id":"https:\/\/23spots.com\/23spots-divers01\/flusstauchen\/#breadcrumb","itemListElement":[{"@type":"ListItem","position":1,"name":"Startseite","item":"https:\/\/23spots.com\/23spots-divers01\/"},{"@type":"ListItem","position":2,"name":"Flusstauchen"}]},{"@type":"WebSite","@id":"https:\/\/23spots.com\/23spots-divers01\/#website","url":"https:\/\/23spots.com\/23spots-divers01\/","name":"23spots-divers01","description":"Tauchenreisen, Tauchkurse, Tauchausr\u00fcstung","potentialAction":[{"@type":"SearchAction","target":{"@type":"EntryPoint","urlTemplate":"https:\/\/23spots.com\/23spots-divers01\/?s={search_term_string}"},"query-input":{"@type":"PropertyValueSpecification","valueRequired":true,"valueName":"search_term_string"}}],"inLanguage":"de"}]}},"_links":{"self":[{"href":"https:\/\/23spots.com\/23spots-divers01\/wp-json\/wp\/v2\/pages\/595","targetHints":{"allow":["GET"]}}],"collection":[{"href":"https:\/\/23spots.com\/23spots-divers01\/wp-json\/wp\/v2\/pages"}],"about":[{"href":"https:\/\/23spots.com\/23spots-divers01\/wp-json\/wp\/v2\/types\/page"}],"author":[{"embeddable":true,"href":"https:\/\/23spots.com\/23spots-divers01\/wp-json\/wp\/v2\/users\/76"}],"replies":[{"embeddable":true,"href":"https:\/\/23spots.com\/23spots-divers01\/wp-json\/wp\/v2\/comments?post=595"}],"version-history":[{"count":7,"href":"https:\/\/23spots.com\/23spots-divers01\/wp-json\/wp\/v2\/pages\/595\/revisions"}],"predecessor-version":[{"id":5242,"href":"https:\/\/23spots.com\/23spots-divers01\/wp-json\/wp\/v2\/pages\/595\/revisions\/5242"}],"wp:attachment":[{"href":"https:\/\/23spots.com\/23spots-divers01\/wp-json\/wp\/v2\/media?parent=595"}],"curies":[{"name":"wp","href":"https:\/\/api.w.org\/{rel}","templated":true}]}}