{"id":3372,"date":"2017-11-05T16:37:58","date_gmt":"2017-11-05T15:37:58","guid":{"rendered":"https:\/\/23spotsdivers.com\/produkt\/import-placeholder-for-2471\/"},"modified":"2024-02-28T19:26:31","modified_gmt":"2024-02-28T18:26:31","slug":"rescue-diver-kurs","status":"publish","type":"product","link":"https:\/\/23spots.com\/23spots-divers01\/tauchshop\/rescue-diver-kurs\/","title":{"rendered":"Rescue Diver Kurs"},"content":{"rendered":"<p>Die Ausbildung zum Rescue Diver erweitert Deine Fertigkeiten im Bereich Tauchen und Tauchnotf\u00e4lle. Nachdem Du bereits erfolgreich den Advanced Open Water Diver abgeschlossen hast und schon Erfahrung bei einigen Tauchg\u00e4ngen sammeln konntest, ist es sinnvoll, den Rescue Diver in Angriff zu nehmen, denn dieser baut auf dem auf, was Du bereits in Deinen bisherigen Tauchkursen gelernt hast. In diesem Tauchkurs besch\u00e4ftigst Du Dich vor allem mit den Problemen, die beim Tauchen auftreten k\u00f6nnen und wie Du Dich in einer Notfallsituation richtig verh\u00e4ltst, um Deinen Tauchpartner oder einen anderen Taucher zu retten.<\/p>\n","protected":false},"excerpt":{"rendered":"<p>Die Ausbildung zum Rescue Diver erweitert Deine Fertigkeiten im Bereich Tauchen und Tauchnotf\u00e4lle. Nachdem Du bereits erfolgreich den Advanced Open Water Diver abgeschlossen hast und schon Erfahrung bei einigen Tauchg\u00e4ngen sammeln konntest, ist es sinnvoll, den Rescue Diver in Angriff zu nehmen, denn dieser baut auf dem auf, was Du bereits in Dienen bisherigen Tauchkursen gelernt hast. In diesem Tauchkurs besch\u00e4ftigst Du Dich vor allem mit den Problemen, die beim Tauchen auftreten k\u00f6nnen und wie Du Dich in einer Notfallsituation richtig verh\u00e4ltst, um Deinen Tauchpartner oder einen anderen Taucher zu retten.<\/p>\n","protected":false},"featured_media":4823,"comment_status":"closed","ping_status":"closed","template":"","meta":[],"product_brand":[],"product_cat":[76],"product_tag":[],"class_list":{"0":"post-3372","1":"product","2":"type-product","3":"status-publish","4":"has-post-thumbnail","6":"product_cat-tauchkurse","8":"first","9":"instock","10":"taxable","11":"shipping-taxable","12":"purchasable","13":"product-type-simple"},"yoast_head":"<!-- This site is optimized with the Yoast SEO plugin v26.9 - https:\/\/yoast.com\/product\/yoast-seo-wordpress\/ -->\n<title>Rescue Diver Kurs - 23spots-divers01<\/title>\n<meta name=\"robots\" content=\"noindex, follow, max-snippet:-1, max-image-preview:large, max-video-preview:-1\" \/>\n<meta property=\"og:locale\" content=\"de_DE\" \/>\n<meta property=\"og:type\" content=\"article\" \/>\n<meta property=\"og:title\" content=\"Rescue Diver Kurs - 23spots-divers01\" \/>\n<meta property=\"og:description\" content=\"Die Ausbildung zum Rescue Diver erweitert Deine Fertigkeiten im Bereich Tauchen und Tauchnotf\u00e4lle. Nachdem Du bereits erfolgreich den Advanced Open Water Diver abgeschlossen hast und schon Erfahrung bei einigen Tauchg\u00e4ngen sammeln konntest, ist es sinnvoll, den Rescue Diver in Angriff zu nehmen, denn dieser baut auf dem auf, was Du bereits in Dienen bisherigen Tauchkursen gelernt hast. In diesem Tauchkurs besch\u00e4ftigst Du Dich vor allem mit den Problemen, die beim Tauchen auftreten k\u00f6nnen und wie Du Dich in einer Notfallsituation richtig verh\u00e4ltst, um Deinen Tauchpartner oder einen anderen Taucher zu retten.\" \/>\n<meta property=\"og:url\" content=\"https:\/\/23spots.com\/23spots-divers01\/tauchshop\/rescue-diver-kurs\/\" \/>\n<meta property=\"og:site_name\" content=\"23spots-divers01\" \/>\n<meta property=\"article:modified_time\" content=\"2024-02-28T18:26:31+00:00\" \/>\n<meta property=\"og:image\" content=\"https:\/\/23spots.com\/23spots-divers01\/files\/rescue_diver_rettungskurs.jpg.png\" \/>\n\t<meta property=\"og:image:width\" content=\"560\" \/>\n\t<meta property=\"og:image:height\" content=\"280\" \/>\n\t<meta property=\"og:image:type\" content=\"image\/png\" \/>\n<meta name=\"twitter:card\" content=\"summary_large_image\" \/>\n<meta name=\"twitter:label1\" content=\"Gesch\u00e4tzte Lesezeit\" \/>\n\t<meta name=\"twitter:data1\" content=\"1\u00a0Minute\" \/>\n<script type=\"application\/ld+json\" class=\"yoast-schema-graph\">{\"@context\":\"https:\/\/schema.org\",\"@graph\":[{\"@type\":\"WebPage\",\"@id\":\"https:\/\/23spots.com\/23spots-divers01\/tauchshop\/rescue-diver-kurs\/\",\"url\":\"https:\/\/23spots.com\/23spots-divers01\/tauchshop\/rescue-diver-kurs\/\",\"name\":\"Rescue Diver Kurs - 23spots-divers01\",\"isPartOf\":{\"@id\":\"https:\/\/23spots.com\/23spots-divers01\/#website\"},\"primaryImageOfPage\":{\"@id\":\"https:\/\/23spots.com\/23spots-divers01\/tauchshop\/rescue-diver-kurs\/#primaryimage\"},\"image\":{\"@id\":\"https:\/\/23spots.com\/23spots-divers01\/tauchshop\/rescue-diver-kurs\/#primaryimage\"},\"thumbnailUrl\":\"https:\/\/23spots.com\/23spots-divers01\/files\/rescue_diver_rettungskurs.jpg.png\",\"datePublished\":\"2017-11-05T15:37:58+00:00\",\"dateModified\":\"2024-02-28T18:26:31+00:00\",\"breadcrumb\":{\"@id\":\"https:\/\/23spots.com\/23spots-divers01\/tauchshop\/rescue-diver-kurs\/#breadcrumb\"},\"inLanguage\":\"de\",\"potentialAction\":[{\"@type\":\"ReadAction\",\"target\":[\"https:\/\/23spots.com\/23spots-divers01\/tauchshop\/rescue-diver-kurs\/\"]}]},{\"@type\":\"ImageObject\",\"inLanguage\":\"de\",\"@id\":\"https:\/\/23spots.com\/23spots-divers01\/tauchshop\/rescue-diver-kurs\/#primaryimage\",\"url\":\"https:\/\/23spots.com\/23spots-divers01\/files\/rescue_diver_rettungskurs.jpg.png\",\"contentUrl\":\"https:\/\/23spots.com\/23spots-divers01\/files\/rescue_diver_rettungskurs.jpg.png\",\"width\":560,\"height\":280},{\"@type\":\"BreadcrumbList\",\"@id\":\"https:\/\/23spots.com\/23spots-divers01\/tauchshop\/rescue-diver-kurs\/#breadcrumb\",\"itemListElement\":[{\"@type\":\"ListItem\",\"position\":1,\"name\":\"Startseite\",\"item\":\"https:\/\/23spots.com\/23spots-divers01\/\"},{\"@type\":\"ListItem\",\"position\":2,\"name\":\"Tauchshop\",\"item\":\"https:\/\/23spots.com\/23spots-divers01\/tauchshop\/\"},{\"@type\":\"ListItem\",\"position\":3,\"name\":\"Rescue Diver Kurs\"}]},{\"@type\":\"WebSite\",\"@id\":\"https:\/\/23spots.com\/23spots-divers01\/#website\",\"url\":\"https:\/\/23spots.com\/23spots-divers01\/\",\"name\":\"23spots-divers01\",\"description\":\"Tauchenreisen, Tauchkurse, Tauchausr\u00fcstung\",\"potentialAction\":[{\"@type\":\"SearchAction\",\"target\":{\"@type\":\"EntryPoint\",\"urlTemplate\":\"https:\/\/23spots.com\/23spots-divers01\/?s={search_term_string}\"},\"query-input\":{\"@type\":\"PropertyValueSpecification\",\"valueRequired\":true,\"valueName\":\"search_term_string\"}}],\"inLanguage\":\"de\"}]}<\/script>\n<!-- \/ Yoast SEO plugin. -->","yoast_head_json":{"title":"Rescue Diver Kurs - 23spots-divers01","robots":{"index":"noindex","follow":"follow","max-snippet":"max-snippet:-1","max-image-preview":"max-image-preview:large","max-video-preview":"max-video-preview:-1"},"og_locale":"de_DE","og_type":"article","og_title":"Rescue Diver Kurs - 23spots-divers01","og_description":"Die Ausbildung zum Rescue Diver erweitert Deine Fertigkeiten im Bereich Tauchen und Tauchnotf\u00e4lle. Nachdem Du bereits erfolgreich den Advanced Open Water Diver abgeschlossen hast und schon Erfahrung bei einigen Tauchg\u00e4ngen sammeln konntest, ist es sinnvoll, den Rescue Diver in Angriff zu nehmen, denn dieser baut auf dem auf, was Du bereits in Dienen bisherigen Tauchkursen gelernt hast. In diesem Tauchkurs besch\u00e4ftigst Du Dich vor allem mit den Problemen, die beim Tauchen auftreten k\u00f6nnen und wie Du Dich in einer Notfallsituation richtig verh\u00e4ltst, um Deinen Tauchpartner oder einen anderen Taucher zu retten.","og_url":"https:\/\/23spots.com\/23spots-divers01\/tauchshop\/rescue-diver-kurs\/","og_site_name":"23spots-divers01","article_modified_time":"2024-02-28T18:26:31+00:00","og_image":[{"width":560,"height":280,"url":"https:\/\/23spots.com\/23spots-divers01\/files\/rescue_diver_rettungskurs.jpg.png","type":"image\/png"}],"twitter_card":"summary_large_image","twitter_misc":{"Gesch\u00e4tzte Lesezeit":"1\u00a0Minute"},"schema":{"@context":"https:\/\/schema.org","@graph":[{"@type":"WebPage","@id":"https:\/\/23spots.com\/23spots-divers01\/tauchshop\/rescue-diver-kurs\/","url":"https:\/\/23spots.com\/23spots-divers01\/tauchshop\/rescue-diver-kurs\/","name":"Rescue Diver Kurs - 23spots-divers01","isPartOf":{"@id":"https:\/\/23spots.com\/23spots-divers01\/#website"},"primaryImageOfPage":{"@id":"https:\/\/23spots.com\/23spots-divers01\/tauchshop\/rescue-diver-kurs\/#primaryimage"},"image":{"@id":"https:\/\/23spots.com\/23spots-divers01\/tauchshop\/rescue-diver-kurs\/#primaryimage"},"thumbnailUrl":"https:\/\/23spots.com\/23spots-divers01\/files\/rescue_diver_rettungskurs.jpg.png","datePublished":"2017-11-05T15:37:58+00:00","dateModified":"2024-02-28T18:26:31+00:00","breadcrumb":{"@id":"https:\/\/23spots.com\/23spots-divers01\/tauchshop\/rescue-diver-kurs\/#breadcrumb"},"inLanguage":"de","potentialAction":[{"@type":"ReadAction","target":["https:\/\/23spots.com\/23spots-divers01\/tauchshop\/rescue-diver-kurs\/"]}]},{"@type":"ImageObject","inLanguage":"de","@id":"https:\/\/23spots.com\/23spots-divers01\/tauchshop\/rescue-diver-kurs\/#primaryimage","url":"https:\/\/23spots.com\/23spots-divers01\/files\/rescue_diver_rettungskurs.jpg.png","contentUrl":"https:\/\/23spots.com\/23spots-divers01\/files\/rescue_diver_rettungskurs.jpg.png","width":560,"height":280},{"@type":"BreadcrumbList","@id":"https:\/\/23spots.com\/23spots-divers01\/tauchshop\/rescue-diver-kurs\/#breadcrumb","itemListElement":[{"@type":"ListItem","position":1,"name":"Startseite","item":"https:\/\/23spots.com\/23spots-divers01\/"},{"@type":"ListItem","position":2,"name":"Tauchshop","item":"https:\/\/23spots.com\/23spots-divers01\/tauchshop\/"},{"@type":"ListItem","position":3,"name":"Rescue Diver Kurs"}]},{"@type":"WebSite","@id":"https:\/\/23spots.com\/23spots-divers01\/#website","url":"https:\/\/23spots.com\/23spots-divers01\/","name":"23spots-divers01","description":"Tauchenreisen, Tauchkurse, Tauchausr\u00fcstung","potentialAction":[{"@type":"SearchAction","target":{"@type":"EntryPoint","urlTemplate":"https:\/\/23spots.com\/23spots-divers01\/?s={search_term_string}"},"query-input":{"@type":"PropertyValueSpecification","valueRequired":true,"valueName":"search_term_string"}}],"inLanguage":"de"}]}},"_links":{"self":[{"href":"https:\/\/23spots.com\/23spots-divers01\/wp-json\/wp\/v2\/product\/3372","targetHints":{"allow":["GET"]}}],"collection":[{"href":"https:\/\/23spots.com\/23spots-divers01\/wp-json\/wp\/v2\/product"}],"about":[{"href":"https:\/\/23spots.com\/23spots-divers01\/wp-json\/wp\/v2\/types\/product"}],"replies":[{"embeddable":true,"href":"https:\/\/23spots.com\/23spots-divers01\/wp-json\/wp\/v2\/comments?post=3372"}],"wp:featuredmedia":[{"embeddable":true,"href":"https:\/\/23spots.com\/23spots-divers01\/wp-json\/wp\/v2\/media\/4823"}],"wp:attachment":[{"href":"https:\/\/23spots.com\/23spots-divers01\/wp-json\/wp\/v2\/media?parent=3372"}],"wp:term":[{"taxonomy":"product_brand","embeddable":true,"href":"https:\/\/23spots.com\/23spots-divers01\/wp-json\/wp\/v2\/product_brand?post=3372"},{"taxonomy":"product_cat","embeddable":true,"href":"https:\/\/23spots.com\/23spots-divers01\/wp-json\/wp\/v2\/product_cat?post=3372"},{"taxonomy":"product_tag","embeddable":true,"href":"https:\/\/23spots.com\/23spots-divers01\/wp-json\/wp\/v2\/product_tag?post=3372"}],"curies":[{"name":"wp","href":"https:\/\/api.w.org\/{rel}","templated":true}]}}