{"id":3374,"date":"2017-11-05T16:38:01","date_gmt":"2017-11-05T15:38:01","guid":{"rendered":"https:\/\/23spotsdivers.com\/produkt\/import-placeholder-for-2483\/"},"modified":"2024-02-28T19:23:44","modified_gmt":"2024-02-28T18:23:44","slug":"dry-suit-diver","status":"publish","type":"product","link":"https:\/\/23spots.com\/23spots-divers01\/tauchshop\/dry-suit-diver\/","title":{"rendered":"Dry Suit Diver"},"content":{"rendered":"<p>Beim Trockentauchen Tauchkurs oder auch Dry Suit Diver lernst Du alle Fertigkeiten, welche f\u00fcr Dich zum Tauchen mit einem Trockentauchanzug relevant sind, um Deine Tauchg\u00e4nge voll und ganz zu genie\u00dfen.<br \/>\nDu hast seit Beginn Deiner Taucherausbildung einige Erfahrungen beim Tauchen sammeln k\u00f6nnen und m\u00f6chtest endlich warm und trocken tauchen? Dann solltest Du unbedingt den Spezialkurs Dry Suite Diver machen. Im Gegensatz zu einem Nass- oder Halbtrockentauchanzug h\u00e4lt Dich der Trockentauchanzug trocken und warm und erm\u00f6glicht Dir das Tauchen in k\u00e4lteren Gew\u00e4ssern. Den gerade bei k\u00fchlen Jahreszeiten sind die Sichtweiten, vor allem in den Seen, viel besser.<\/p>\n","protected":false},"excerpt":{"rendered":"<p>Beim Trockentauchen Tauchkurs oder auch Dry Suit Diver lernst Du alle Fertigkeiten, welche f\u00fcr Dich zum Tauchen mit einem Trockentauchanzug relevant sind, um Deine Tauchg\u00e4nge voll und ganz zu genie\u00dfen.<br \/>\nDu hast seit Beginn Deiner Taucherausbildung einige Erfahrungen beim Tauchen sammeln k\u00f6nnen und m\u00f6chtest endlich warm und trocken tauchen? Dann solltest Du unbedingt den Spezialkurs Dry Suite Diver machen. Im Gegensatz zu einem Nass- oder Halbtrockentauchanzug h\u00e4lt Dich der Trockentauchanzug trocken und warm und erm\u00f6glicht Dir das Tauchen in k\u00e4lteren Gew\u00e4ssern. Den gerade bei k\u00fchlen Jahreszeiten sind die Sichtweiten, vor allem in den Seen, viel besser. denn gerade in den k\u00fchleren Jahreszeiten sind die Sichtweiten, vor allem in Seen, viel besser als im Hochsommer.<\/p>\n","protected":false},"featured_media":3405,"comment_status":"closed","ping_status":"closed","template":"","meta":[],"product_brand":[],"product_cat":[89],"product_tag":[],"class_list":{"0":"post-3374","1":"product","2":"type-product","3":"status-publish","4":"has-post-thumbnail","6":"product_cat-spezialkurse","8":"first","9":"instock","10":"taxable","11":"shipping-taxable","12":"purchasable","13":"product-type-simple"},"yoast_head":"<!-- This site is optimized with the Yoast SEO plugin v26.9 - https:\/\/yoast.com\/product\/yoast-seo-wordpress\/ -->\n<title>Dry Suit Diver - 23spots-divers01<\/title>\n<meta name=\"robots\" content=\"noindex, follow, max-snippet:-1, max-image-preview:large, max-video-preview:-1\" \/>\n<meta property=\"og:locale\" content=\"de_DE\" \/>\n<meta property=\"og:type\" content=\"article\" \/>\n<meta property=\"og:title\" content=\"Dry Suit Diver - 23spots-divers01\" \/>\n<meta property=\"og:description\" content=\"Beim Trockentauchen Tauchkurs oder auch Dry Suit Diver lernst Du alle Fertigkeiten, welche f\u00fcr Dich zum Tauchen mit einem Trockentauchanzug relevant sind, um Deine Tauchg\u00e4nge voll und ganz zu genie\u00dfen. Du hast seit Beginn Deiner Taucherausbildung einige Erfahrungen beim Tauchen sammeln k\u00f6nnen und m\u00f6chtest endlich warm und trocken tauchen? Dann solltest Du unbedingt den Spezialkurs Dry Suite Diver machen. Im Gegensatz zu einem Nass- oder Halbtrockentauchanzug h\u00e4lt Dich der Trockentauchanzug trocken und warm und erm\u00f6glicht Dir das Tauchen in k\u00e4lteren Gew\u00e4ssern. Den gerade bei k\u00fchlen Jahreszeiten sind die Sichtweiten, vor allem in den Seen, viel besser. denn gerade in den k\u00fchleren Jahreszeiten sind die Sichtweiten, vor allem in Seen, viel besser als im Hochsommer.\" \/>\n<meta property=\"og:url\" content=\"https:\/\/23spots.com\/23spots-divers01\/tauchshop\/dry-suit-diver\/\" \/>\n<meta property=\"og:site_name\" content=\"23spots-divers01\" \/>\n<meta property=\"article:modified_time\" content=\"2024-02-28T18:23:44+00:00\" \/>\n<meta property=\"og:image\" content=\"https:\/\/23spots.com\/23spots-divers01\/files\/trockentauchen_tauchkurs-1.jpg\" \/>\n\t<meta property=\"og:image:width\" content=\"560\" \/>\n\t<meta property=\"og:image:height\" content=\"280\" \/>\n\t<meta property=\"og:image:type\" content=\"image\/jpeg\" \/>\n<meta name=\"twitter:card\" content=\"summary_large_image\" \/>\n<meta name=\"twitter:label1\" content=\"Gesch\u00e4tzte Lesezeit\" \/>\n\t<meta name=\"twitter:data1\" content=\"1\u00a0Minute\" \/>\n<script type=\"application\/ld+json\" class=\"yoast-schema-graph\">{\"@context\":\"https:\/\/schema.org\",\"@graph\":[{\"@type\":\"WebPage\",\"@id\":\"https:\/\/23spots.com\/23spots-divers01\/tauchshop\/dry-suit-diver\/\",\"url\":\"https:\/\/23spots.com\/23spots-divers01\/tauchshop\/dry-suit-diver\/\",\"name\":\"Dry Suit Diver - 23spots-divers01\",\"isPartOf\":{\"@id\":\"https:\/\/23spots.com\/23spots-divers01\/#website\"},\"primaryImageOfPage\":{\"@id\":\"https:\/\/23spots.com\/23spots-divers01\/tauchshop\/dry-suit-diver\/#primaryimage\"},\"image\":{\"@id\":\"https:\/\/23spots.com\/23spots-divers01\/tauchshop\/dry-suit-diver\/#primaryimage\"},\"thumbnailUrl\":\"https:\/\/23spots.com\/23spots-divers01\/files\/trockentauchen_tauchkurs-1.jpg\",\"datePublished\":\"2017-11-05T15:38:01+00:00\",\"dateModified\":\"2024-02-28T18:23:44+00:00\",\"breadcrumb\":{\"@id\":\"https:\/\/23spots.com\/23spots-divers01\/tauchshop\/dry-suit-diver\/#breadcrumb\"},\"inLanguage\":\"de\",\"potentialAction\":[{\"@type\":\"ReadAction\",\"target\":[\"https:\/\/23spots.com\/23spots-divers01\/tauchshop\/dry-suit-diver\/\"]}]},{\"@type\":\"ImageObject\",\"inLanguage\":\"de\",\"@id\":\"https:\/\/23spots.com\/23spots-divers01\/tauchshop\/dry-suit-diver\/#primaryimage\",\"url\":\"https:\/\/23spots.com\/23spots-divers01\/files\/trockentauchen_tauchkurs-1.jpg\",\"contentUrl\":\"https:\/\/23spots.com\/23spots-divers01\/files\/trockentauchen_tauchkurs-1.jpg\",\"width\":560,\"height\":280},{\"@type\":\"BreadcrumbList\",\"@id\":\"https:\/\/23spots.com\/23spots-divers01\/tauchshop\/dry-suit-diver\/#breadcrumb\",\"itemListElement\":[{\"@type\":\"ListItem\",\"position\":1,\"name\":\"Startseite\",\"item\":\"https:\/\/23spots.com\/23spots-divers01\/\"},{\"@type\":\"ListItem\",\"position\":2,\"name\":\"Tauchshop\",\"item\":\"https:\/\/23spots.com\/23spots-divers01\/tauchshop\/\"},{\"@type\":\"ListItem\",\"position\":3,\"name\":\"Dry Suit Diver\"}]},{\"@type\":\"WebSite\",\"@id\":\"https:\/\/23spots.com\/23spots-divers01\/#website\",\"url\":\"https:\/\/23spots.com\/23spots-divers01\/\",\"name\":\"23spots-divers01\",\"description\":\"Tauchenreisen, Tauchkurse, Tauchausr\u00fcstung\",\"potentialAction\":[{\"@type\":\"SearchAction\",\"target\":{\"@type\":\"EntryPoint\",\"urlTemplate\":\"https:\/\/23spots.com\/23spots-divers01\/?s={search_term_string}\"},\"query-input\":{\"@type\":\"PropertyValueSpecification\",\"valueRequired\":true,\"valueName\":\"search_term_string\"}}],\"inLanguage\":\"de\"}]}<\/script>\n<!-- \/ Yoast SEO plugin. -->","yoast_head_json":{"title":"Dry Suit Diver - 23spots-divers01","robots":{"index":"noindex","follow":"follow","max-snippet":"max-snippet:-1","max-image-preview":"max-image-preview:large","max-video-preview":"max-video-preview:-1"},"og_locale":"de_DE","og_type":"article","og_title":"Dry Suit Diver - 23spots-divers01","og_description":"Beim Trockentauchen Tauchkurs oder auch Dry Suit Diver lernst Du alle Fertigkeiten, welche f\u00fcr Dich zum Tauchen mit einem Trockentauchanzug relevant sind, um Deine Tauchg\u00e4nge voll und ganz zu genie\u00dfen. Du hast seit Beginn Deiner Taucherausbildung einige Erfahrungen beim Tauchen sammeln k\u00f6nnen und m\u00f6chtest endlich warm und trocken tauchen? Dann solltest Du unbedingt den Spezialkurs Dry Suite Diver machen. Im Gegensatz zu einem Nass- oder Halbtrockentauchanzug h\u00e4lt Dich der Trockentauchanzug trocken und warm und erm\u00f6glicht Dir das Tauchen in k\u00e4lteren Gew\u00e4ssern. Den gerade bei k\u00fchlen Jahreszeiten sind die Sichtweiten, vor allem in den Seen, viel besser. denn gerade in den k\u00fchleren Jahreszeiten sind die Sichtweiten, vor allem in Seen, viel besser als im Hochsommer.","og_url":"https:\/\/23spots.com\/23spots-divers01\/tauchshop\/dry-suit-diver\/","og_site_name":"23spots-divers01","article_modified_time":"2024-02-28T18:23:44+00:00","og_image":[{"width":560,"height":280,"url":"https:\/\/23spots.com\/23spots-divers01\/files\/trockentauchen_tauchkurs-1.jpg","type":"image\/jpeg"}],"twitter_card":"summary_large_image","twitter_misc":{"Gesch\u00e4tzte Lesezeit":"1\u00a0Minute"},"schema":{"@context":"https:\/\/schema.org","@graph":[{"@type":"WebPage","@id":"https:\/\/23spots.com\/23spots-divers01\/tauchshop\/dry-suit-diver\/","url":"https:\/\/23spots.com\/23spots-divers01\/tauchshop\/dry-suit-diver\/","name":"Dry Suit Diver - 23spots-divers01","isPartOf":{"@id":"https:\/\/23spots.com\/23spots-divers01\/#website"},"primaryImageOfPage":{"@id":"https:\/\/23spots.com\/23spots-divers01\/tauchshop\/dry-suit-diver\/#primaryimage"},"image":{"@id":"https:\/\/23spots.com\/23spots-divers01\/tauchshop\/dry-suit-diver\/#primaryimage"},"thumbnailUrl":"https:\/\/23spots.com\/23spots-divers01\/files\/trockentauchen_tauchkurs-1.jpg","datePublished":"2017-11-05T15:38:01+00:00","dateModified":"2024-02-28T18:23:44+00:00","breadcrumb":{"@id":"https:\/\/23spots.com\/23spots-divers01\/tauchshop\/dry-suit-diver\/#breadcrumb"},"inLanguage":"de","potentialAction":[{"@type":"ReadAction","target":["https:\/\/23spots.com\/23spots-divers01\/tauchshop\/dry-suit-diver\/"]}]},{"@type":"ImageObject","inLanguage":"de","@id":"https:\/\/23spots.com\/23spots-divers01\/tauchshop\/dry-suit-diver\/#primaryimage","url":"https:\/\/23spots.com\/23spots-divers01\/files\/trockentauchen_tauchkurs-1.jpg","contentUrl":"https:\/\/23spots.com\/23spots-divers01\/files\/trockentauchen_tauchkurs-1.jpg","width":560,"height":280},{"@type":"BreadcrumbList","@id":"https:\/\/23spots.com\/23spots-divers01\/tauchshop\/dry-suit-diver\/#breadcrumb","itemListElement":[{"@type":"ListItem","position":1,"name":"Startseite","item":"https:\/\/23spots.com\/23spots-divers01\/"},{"@type":"ListItem","position":2,"name":"Tauchshop","item":"https:\/\/23spots.com\/23spots-divers01\/tauchshop\/"},{"@type":"ListItem","position":3,"name":"Dry Suit Diver"}]},{"@type":"WebSite","@id":"https:\/\/23spots.com\/23spots-divers01\/#website","url":"https:\/\/23spots.com\/23spots-divers01\/","name":"23spots-divers01","description":"Tauchenreisen, Tauchkurse, Tauchausr\u00fcstung","potentialAction":[{"@type":"SearchAction","target":{"@type":"EntryPoint","urlTemplate":"https:\/\/23spots.com\/23spots-divers01\/?s={search_term_string}"},"query-input":{"@type":"PropertyValueSpecification","valueRequired":true,"valueName":"search_term_string"}}],"inLanguage":"de"}]}},"_links":{"self":[{"href":"https:\/\/23spots.com\/23spots-divers01\/wp-json\/wp\/v2\/product\/3374","targetHints":{"allow":["GET"]}}],"collection":[{"href":"https:\/\/23spots.com\/23spots-divers01\/wp-json\/wp\/v2\/product"}],"about":[{"href":"https:\/\/23spots.com\/23spots-divers01\/wp-json\/wp\/v2\/types\/product"}],"replies":[{"embeddable":true,"href":"https:\/\/23spots.com\/23spots-divers01\/wp-json\/wp\/v2\/comments?post=3374"}],"wp:featuredmedia":[{"embeddable":true,"href":"https:\/\/23spots.com\/23spots-divers01\/wp-json\/wp\/v2\/media\/3405"}],"wp:attachment":[{"href":"https:\/\/23spots.com\/23spots-divers01\/wp-json\/wp\/v2\/media?parent=3374"}],"wp:term":[{"taxonomy":"product_brand","embeddable":true,"href":"https:\/\/23spots.com\/23spots-divers01\/wp-json\/wp\/v2\/product_brand?post=3374"},{"taxonomy":"product_cat","embeddable":true,"href":"https:\/\/23spots.com\/23spots-divers01\/wp-json\/wp\/v2\/product_cat?post=3374"},{"taxonomy":"product_tag","embeddable":true,"href":"https:\/\/23spots.com\/23spots-divers01\/wp-json\/wp\/v2\/product_tag?post=3374"}],"curies":[{"name":"wp","href":"https:\/\/api.w.org\/{rel}","templated":true}]}}