{"id":3376,"date":"2017-11-05T16:38:04","date_gmt":"2017-11-05T15:38:04","guid":{"rendered":"https:\/\/23spotsdivers.com\/produkt\/import-placeholder-for-2497\/"},"modified":"2017-11-08T16:07:01","modified_gmt":"2017-11-08T15:07:01","slug":"sidemount-tauchkurs","status":"publish","type":"product","link":"https:\/\/23spots.com\/23spots-divers01\/tauchshop\/sidemount-tauchkurs\/","title":{"rendered":"Sidemount Tauchkurs"},"content":{"rendered":"<p>Mit dem Sidemount Diver Kurs lernst Du eine neue andere M\u00f6glichkeit f\u00fcr das Konfigurieren Deiner Atemgasflasche\/n kennen. Beim Sidemount Tauchen tr\u00e4gst Du die Tauchflasche nicht wie bisher gewohnt auf dem R\u00fccken, sondern sie werden seitlich befestigt. Dies schont und entlastet vor allen Dingen den R\u00fccken, gibt Dir eine perfekte Tarierung und Du wirst zus\u00e4tzlich mit Atemgas versorgt. Du wirst sehen, dass Du durch das Sidemount System beim Tauchen viel beweglicher und freier bist und Du kannst den Tauchgang noch mehr genie\u00dfen.<\/p>\n","protected":false},"excerpt":{"rendered":"<p>Mit dem Sidemount Diver Kurs lernst Du eine neue andere M\u00f6glichkeit f\u00fcr das Konfigurieren Deiner Atemgasflasche\/n kennen. Beim Sidemount Tauchen tr\u00e4gst Du die Tauchflasche nicht wie bisher gewohnt auf dem R\u00fccken, sondern sie werden seitlich befestigt. Dies schont und entlastet vor allen Dingen den R\u00fccken, gibt Dir eine perfekte Tarierung und Du wirst zus\u00e4tzlich mit Atemgas versorgt. Du wirst sehen, dass Du durch das Sidemount System beim Tauchen viel beweglicher und freier bist und Du kannst den Tauchgang noch mehr genie\u00dfen.<\/p>\n","protected":false},"featured_media":3412,"comment_status":"closed","ping_status":"closed","template":"","meta":[],"product_brand":[],"product_cat":[89],"product_tag":[],"class_list":{"0":"post-3376","1":"product","2":"type-product","3":"status-publish","4":"has-post-thumbnail","6":"product_cat-spezialkurse","8":"first","9":"instock","10":"featured","11":"taxable","12":"shipping-taxable","13":"purchasable","14":"product-type-simple"},"yoast_head":"<!-- This site is optimized with the Yoast SEO plugin v26.9 - https:\/\/yoast.com\/product\/yoast-seo-wordpress\/ -->\n<title>Sidemount Tauchkurs - 23spots-divers01<\/title>\n<meta name=\"robots\" content=\"noindex, follow, max-snippet:-1, max-image-preview:large, max-video-preview:-1\" \/>\n<meta property=\"og:locale\" content=\"de_DE\" \/>\n<meta property=\"og:type\" content=\"article\" \/>\n<meta property=\"og:title\" content=\"Sidemount Tauchkurs - 23spots-divers01\" \/>\n<meta property=\"og:description\" content=\"Mit dem Sidemount Diver Kurs lernst Du eine neue andere M\u00f6glichkeit f\u00fcr das Konfigurieren Deiner Atemgasflasche\/n kennen. Beim Sidemount Tauchen tr\u00e4gst Du die Tauchflasche nicht wie bisher gewohnt auf dem R\u00fccken, sondern sie werden seitlich befestigt. Dies schont und entlastet vor allen Dingen den R\u00fccken, gibt Dir eine perfekte Tarierung und Du wirst zus\u00e4tzlich mit Atemgas versorgt. Du wirst sehen, dass Du durch das Sidemount System beim Tauchen viel beweglicher und freier bist und Du kannst den Tauchgang noch mehr genie\u00dfen.\" \/>\n<meta property=\"og:url\" content=\"https:\/\/23spots.com\/23spots-divers01\/tauchshop\/sidemount-tauchkurs\/\" \/>\n<meta property=\"og:site_name\" content=\"23spots-divers01\" \/>\n<meta property=\"article:modified_time\" content=\"2017-11-08T15:07:01+00:00\" \/>\n<meta property=\"og:image\" content=\"https:\/\/23spots.com\/23spots-divers01\/files\/tauchkurs_sidemount-1.jpg\" \/>\n\t<meta property=\"og:image:width\" content=\"560\" \/>\n\t<meta property=\"og:image:height\" content=\"280\" \/>\n\t<meta property=\"og:image:type\" content=\"image\/jpeg\" \/>\n<meta name=\"twitter:card\" content=\"summary_large_image\" \/>\n<script type=\"application\/ld+json\" class=\"yoast-schema-graph\">{\"@context\":\"https:\/\/schema.org\",\"@graph\":[{\"@type\":\"WebPage\",\"@id\":\"https:\/\/23spots.com\/23spots-divers01\/tauchshop\/sidemount-tauchkurs\/\",\"url\":\"https:\/\/23spots.com\/23spots-divers01\/tauchshop\/sidemount-tauchkurs\/\",\"name\":\"Sidemount Tauchkurs - 23spots-divers01\",\"isPartOf\":{\"@id\":\"https:\/\/23spots.com\/23spots-divers01\/#website\"},\"primaryImageOfPage\":{\"@id\":\"https:\/\/23spots.com\/23spots-divers01\/tauchshop\/sidemount-tauchkurs\/#primaryimage\"},\"image\":{\"@id\":\"https:\/\/23spots.com\/23spots-divers01\/tauchshop\/sidemount-tauchkurs\/#primaryimage\"},\"thumbnailUrl\":\"https:\/\/23spots.com\/23spots-divers01\/files\/tauchkurs_sidemount-1.jpg\",\"datePublished\":\"2017-11-05T15:38:04+00:00\",\"dateModified\":\"2017-11-08T15:07:01+00:00\",\"breadcrumb\":{\"@id\":\"https:\/\/23spots.com\/23spots-divers01\/tauchshop\/sidemount-tauchkurs\/#breadcrumb\"},\"inLanguage\":\"de\",\"potentialAction\":[{\"@type\":\"ReadAction\",\"target\":[\"https:\/\/23spots.com\/23spots-divers01\/tauchshop\/sidemount-tauchkurs\/\"]}]},{\"@type\":\"ImageObject\",\"inLanguage\":\"de\",\"@id\":\"https:\/\/23spots.com\/23spots-divers01\/tauchshop\/sidemount-tauchkurs\/#primaryimage\",\"url\":\"https:\/\/23spots.com\/23spots-divers01\/files\/tauchkurs_sidemount-1.jpg\",\"contentUrl\":\"https:\/\/23spots.com\/23spots-divers01\/files\/tauchkurs_sidemount-1.jpg\",\"width\":560,\"height\":280},{\"@type\":\"BreadcrumbList\",\"@id\":\"https:\/\/23spots.com\/23spots-divers01\/tauchshop\/sidemount-tauchkurs\/#breadcrumb\",\"itemListElement\":[{\"@type\":\"ListItem\",\"position\":1,\"name\":\"Startseite\",\"item\":\"https:\/\/23spots.com\/23spots-divers01\/\"},{\"@type\":\"ListItem\",\"position\":2,\"name\":\"Tauchshop\",\"item\":\"https:\/\/23spots.com\/23spots-divers01\/tauchshop\/\"},{\"@type\":\"ListItem\",\"position\":3,\"name\":\"Sidemount Tauchkurs\"}]},{\"@type\":\"WebSite\",\"@id\":\"https:\/\/23spots.com\/23spots-divers01\/#website\",\"url\":\"https:\/\/23spots.com\/23spots-divers01\/\",\"name\":\"23spots-divers01\",\"description\":\"Tauchenreisen, Tauchkurse, Tauchausr\u00fcstung\",\"potentialAction\":[{\"@type\":\"SearchAction\",\"target\":{\"@type\":\"EntryPoint\",\"urlTemplate\":\"https:\/\/23spots.com\/23spots-divers01\/?s={search_term_string}\"},\"query-input\":{\"@type\":\"PropertyValueSpecification\",\"valueRequired\":true,\"valueName\":\"search_term_string\"}}],\"inLanguage\":\"de\"}]}<\/script>\n<!-- \/ Yoast SEO plugin. -->","yoast_head_json":{"title":"Sidemount Tauchkurs - 23spots-divers01","robots":{"index":"noindex","follow":"follow","max-snippet":"max-snippet:-1","max-image-preview":"max-image-preview:large","max-video-preview":"max-video-preview:-1"},"og_locale":"de_DE","og_type":"article","og_title":"Sidemount Tauchkurs - 23spots-divers01","og_description":"Mit dem Sidemount Diver Kurs lernst Du eine neue andere M\u00f6glichkeit f\u00fcr das Konfigurieren Deiner Atemgasflasche\/n kennen. Beim Sidemount Tauchen tr\u00e4gst Du die Tauchflasche nicht wie bisher gewohnt auf dem R\u00fccken, sondern sie werden seitlich befestigt. Dies schont und entlastet vor allen Dingen den R\u00fccken, gibt Dir eine perfekte Tarierung und Du wirst zus\u00e4tzlich mit Atemgas versorgt. Du wirst sehen, dass Du durch das Sidemount System beim Tauchen viel beweglicher und freier bist und Du kannst den Tauchgang noch mehr genie\u00dfen.","og_url":"https:\/\/23spots.com\/23spots-divers01\/tauchshop\/sidemount-tauchkurs\/","og_site_name":"23spots-divers01","article_modified_time":"2017-11-08T15:07:01+00:00","og_image":[{"width":560,"height":280,"url":"https:\/\/23spots.com\/23spots-divers01\/files\/tauchkurs_sidemount-1.jpg","type":"image\/jpeg"}],"twitter_card":"summary_large_image","schema":{"@context":"https:\/\/schema.org","@graph":[{"@type":"WebPage","@id":"https:\/\/23spots.com\/23spots-divers01\/tauchshop\/sidemount-tauchkurs\/","url":"https:\/\/23spots.com\/23spots-divers01\/tauchshop\/sidemount-tauchkurs\/","name":"Sidemount Tauchkurs - 23spots-divers01","isPartOf":{"@id":"https:\/\/23spots.com\/23spots-divers01\/#website"},"primaryImageOfPage":{"@id":"https:\/\/23spots.com\/23spots-divers01\/tauchshop\/sidemount-tauchkurs\/#primaryimage"},"image":{"@id":"https:\/\/23spots.com\/23spots-divers01\/tauchshop\/sidemount-tauchkurs\/#primaryimage"},"thumbnailUrl":"https:\/\/23spots.com\/23spots-divers01\/files\/tauchkurs_sidemount-1.jpg","datePublished":"2017-11-05T15:38:04+00:00","dateModified":"2017-11-08T15:07:01+00:00","breadcrumb":{"@id":"https:\/\/23spots.com\/23spots-divers01\/tauchshop\/sidemount-tauchkurs\/#breadcrumb"},"inLanguage":"de","potentialAction":[{"@type":"ReadAction","target":["https:\/\/23spots.com\/23spots-divers01\/tauchshop\/sidemount-tauchkurs\/"]}]},{"@type":"ImageObject","inLanguage":"de","@id":"https:\/\/23spots.com\/23spots-divers01\/tauchshop\/sidemount-tauchkurs\/#primaryimage","url":"https:\/\/23spots.com\/23spots-divers01\/files\/tauchkurs_sidemount-1.jpg","contentUrl":"https:\/\/23spots.com\/23spots-divers01\/files\/tauchkurs_sidemount-1.jpg","width":560,"height":280},{"@type":"BreadcrumbList","@id":"https:\/\/23spots.com\/23spots-divers01\/tauchshop\/sidemount-tauchkurs\/#breadcrumb","itemListElement":[{"@type":"ListItem","position":1,"name":"Startseite","item":"https:\/\/23spots.com\/23spots-divers01\/"},{"@type":"ListItem","position":2,"name":"Tauchshop","item":"https:\/\/23spots.com\/23spots-divers01\/tauchshop\/"},{"@type":"ListItem","position":3,"name":"Sidemount Tauchkurs"}]},{"@type":"WebSite","@id":"https:\/\/23spots.com\/23spots-divers01\/#website","url":"https:\/\/23spots.com\/23spots-divers01\/","name":"23spots-divers01","description":"Tauchenreisen, Tauchkurse, Tauchausr\u00fcstung","potentialAction":[{"@type":"SearchAction","target":{"@type":"EntryPoint","urlTemplate":"https:\/\/23spots.com\/23spots-divers01\/?s={search_term_string}"},"query-input":{"@type":"PropertyValueSpecification","valueRequired":true,"valueName":"search_term_string"}}],"inLanguage":"de"}]}},"_links":{"self":[{"href":"https:\/\/23spots.com\/23spots-divers01\/wp-json\/wp\/v2\/product\/3376","targetHints":{"allow":["GET"]}}],"collection":[{"href":"https:\/\/23spots.com\/23spots-divers01\/wp-json\/wp\/v2\/product"}],"about":[{"href":"https:\/\/23spots.com\/23spots-divers01\/wp-json\/wp\/v2\/types\/product"}],"replies":[{"embeddable":true,"href":"https:\/\/23spots.com\/23spots-divers01\/wp-json\/wp\/v2\/comments?post=3376"}],"wp:featuredmedia":[{"embeddable":true,"href":"https:\/\/23spots.com\/23spots-divers01\/wp-json\/wp\/v2\/media\/3412"}],"wp:attachment":[{"href":"https:\/\/23spots.com\/23spots-divers01\/wp-json\/wp\/v2\/media?parent=3376"}],"wp:term":[{"taxonomy":"product_brand","embeddable":true,"href":"https:\/\/23spots.com\/23spots-divers01\/wp-json\/wp\/v2\/product_brand?post=3376"},{"taxonomy":"product_cat","embeddable":true,"href":"https:\/\/23spots.com\/23spots-divers01\/wp-json\/wp\/v2\/product_cat?post=3376"},{"taxonomy":"product_tag","embeddable":true,"href":"https:\/\/23spots.com\/23spots-divers01\/wp-json\/wp\/v2\/product_tag?post=3376"}],"curies":[{"name":"wp","href":"https:\/\/api.w.org\/{rel}","templated":true}]}}